{"id":4165,"date":"2024-09-20T15:13:41","date_gmt":"2024-09-20T19:13:41","guid":{"rendered":"https:\/\/www.skypointfcu.com\/wph\/workarea\/?page_id=4165"},"modified":"2024-10-17T14:34:14","modified_gmt":"2024-10-17T18:34:14","slug":"eligibility","status":"publish","type":"page","link":"https:\/\/www.skypointfcu.com\/wph\/workarea\/es\/eligibility\/","title":{"rendered":"Eligibility"},"content":{"rendered":"<div class=\"band content-hero-v003 content-fullwidth\"><div class=\"zone\"><div class=\"feature-wrap\"><div class=\"feature-wrap-title\"><h1>Requisitos de Afiliaci\u00f3n<\/h1><h4>Bienvenido a SkyPoint Federal Credit Union, donde hacemos que la banca sea sencilla y accesible.<\/h4><\/div><div class=\"feature-wrap-image\"><figure class=\"feature-wrap-image-inner cover-image\"><img decoding=\"async\" src=\"https:\/\/www.skypointfcu.com\/wph\/workarea\/wp-content\/uploads\/2024\/09\/SKY-2024-SpanishMemElig-1600x640px.jpg\" alt=\"family sitting together in front of a laptop\"><\/figure><\/div><\/div><\/div><\/div>\n\n<div class=\"band content-fullwidth\"><div class=\"zone\"><div class=\"feature-wrap feature-wrap-promos-2\">\n<div class=\"feature\"><div class=\"feature-padding\"><div class=\"feature-image\"><figure class=\"feature-image-inner cover-image\"><img decoding=\"async\" src=\"https:\/\/www.skypointfcu.com\/wph\/workarea\/wp-content\/uploads\/2024\/09\/webcouplebanking.jpg\" alt=\"couple banking\"><\/figure><\/div><!--feature-image--><div class=\"feature-content\"><div class=\"feature-content-text\"><h2>Simplificamos la banca<\/h2>\n\n<p>SkyPoint es una instituci\u00f3n financiera para el desarrollo comunitario. Su sede principal se encuentra en el condado de Montgomery, Maryland, desde donde presta servicios a la regi\u00f3n metropolitana de Washington, D.C. Proporcionamos a nuestros miembros una amplia gama de servicios financieros, con el apoyo de lo mejor que ofrece la tecnolog\u00eda. Ofrecemos gran valor a trav\u00e9s de nuestra estructura cooperativa donde nuestros asociados son miembros-propietarios de nuestra instituci\u00f3n financiera. \u00danete a SkyPoint hoy mismo y disfruta una experiencia bancaria sencilla y accesible.<\/p>\n\n<\/div><\/div><!--feature-content--><\/div><!--feature-padding--><\/div><!--feature-->\n\n<div class=\"feature\"><div class=\"feature-padding\"><div class=\"feature-image\"><figure class=\"feature-image-inner cover-image\"><img decoding=\"async\" src=\"https:\/\/www.skypointfcu.com\/wph\/workarea\/wp-content\/uploads\/2024\/09\/webmultiplepeoplesmiling.jpg\" alt=\"multiple people smiling\"><\/figure><\/div><!--feature-image--><div class=\"feature-content\"><div class=\"feature-content-text\"><h2>\u00bfQui\u00e9n puede afiliarse a SkyPoint?<\/h2>\n\n<p>La membres\u00eda est\u00e1 disponible para toda persona que vive, trabaja, asiste a la iglesia, asiste a la escuela, o es voluntario en el \u00e1rea metropolitana de Washington, DC, y espec\u00edficamente en las siguientes \u00e1reas:<\/p>\n<ul>\n<li>El condado de Montgomery, MD<\/li>\n<li>El condado de Frederick, MD<\/li>\n<li>El condado de Arlington, VA<\/li>\n<li>La ciudad de Falls Church, VA<\/li>\n<li>La ciudad de Alexandria, VA<\/li>\n<li>Washington, D.C.<\/li>\n<\/ul>\n<p>Adem\u00e1s, los familiares y personas que comparten el hogar de los actuales miembros de SkyPoint pueden afiliarse.<\/p>\n\n<\/div><\/div><!--feature-content--><\/div><!--feature-padding--><\/div><!--feature-->\n<\/div><!--feature-wrap--><\/div><\/div>","protected":false},"excerpt":{"rendered":"","protected":false},"author":7,"featured_media":0,"parent":4153,"menu_order":3,"comment_status":"closed","ping_status":"closed","template":"","meta":{"_lmt_disableupdate":"","_lmt_disable":"","attr_excerpt":[],"footnotes":""},"class_list":["post-4165","page","type-page","status-publish","hentry"],"yoast_head":"<!-- This site is optimized with the Yoast SEO plugin v24.9 - https:\/\/yoast.com\/wordpress\/plugins\/seo\/ -->\n<title>Eligibility - SkyPoint Federal Credit Union<\/title>\n<meta name=\"robots\" content=\"noindex, follow, max-snippet:-1, max-image-preview:large, max-video-preview:-1\" \/>\n<meta property=\"og:locale\" content=\"en_US\" \/>\n<meta property=\"og:type\" content=\"article\" \/>\n<meta property=\"og:title\" content=\"Eligibility - SkyPoint Federal Credit Union\" \/>\n<meta property=\"og:url\" content=\"https:\/\/www.skypointfcu.com\/wph\/workarea\/es\/eligibility\/\" \/>\n<meta property=\"og:site_name\" content=\"SkyPoint Federal Credit Union\" \/>\n<meta property=\"article:modified_time\" content=\"2024-10-17T18:34:14+00:00\" \/>\n<meta name=\"twitter:card\" content=\"summary_large_image\" \/>\n<meta name=\"twitter:label1\" content=\"Est. reading time\" \/>\n\t<meta name=\"twitter:data1\" content=\"1 minute\" \/>\n<script type=\"application\/ld+json\" class=\"yoast-schema-graph\">{\"@context\":\"https:\/\/schema.org\",\"@graph\":[{\"@type\":\"WebPage\",\"@id\":\"https:\/\/www.skypointfcu.com\/wph\/workarea\/es\/eligibility\/\",\"url\":\"https:\/\/www.skypointfcu.com\/wph\/workarea\/es\/eligibility\/\",\"name\":\"Eligibility - SkyPoint Federal Credit Union\",\"isPartOf\":{\"@id\":\"https:\/\/www.skypointfcu.com\/wph\/workarea\/#website\"},\"datePublished\":\"2024-09-20T19:13:41+00:00\",\"dateModified\":\"2024-10-17T18:34:14+00:00\",\"breadcrumb\":{\"@id\":\"https:\/\/www.skypointfcu.com\/wph\/workarea\/es\/eligibility\/#breadcrumb\"},\"inLanguage\":\"en-US\",\"potentialAction\":[{\"@type\":\"ReadAction\",\"target\":[\"https:\/\/www.skypointfcu.com\/wph\/workarea\/es\/eligibility\/\"]}]},{\"@type\":\"BreadcrumbList\",\"@id\":\"https:\/\/www.skypointfcu.com\/wph\/workarea\/es\/eligibility\/#breadcrumb\",\"itemListElement\":[{\"@type\":\"ListItem\",\"position\":1,\"name\":\"Home\",\"item\":\"https:\/\/www.skypointfcu.com\/wph\/workarea\/\"},{\"@type\":\"ListItem\",\"position\":2,\"name\":\"SkyPoint En Espa\u00f1ol\",\"item\":\"https:\/\/www.skypointfcu.com\/wph\/workarea\/es\/\"},{\"@type\":\"ListItem\",\"position\":3,\"name\":\"Eligibility\"}]},{\"@type\":\"WebSite\",\"@id\":\"https:\/\/www.skypointfcu.com\/wph\/workarea\/#website\",\"url\":\"https:\/\/www.skypointfcu.com\/wph\/workarea\/\",\"name\":\"SkyPoint Federal Credit Union\",\"description\":\"Just another WordPress site\",\"potentialAction\":[{\"@type\":\"SearchAction\",\"target\":{\"@type\":\"EntryPoint\",\"urlTemplate\":\"https:\/\/www.skypointfcu.com\/wph\/workarea\/?s={search_term_string}\"},\"query-input\":{\"@type\":\"PropertyValueSpecification\",\"valueRequired\":true,\"valueName\":\"search_term_string\"}}],\"inLanguage\":\"en-US\"}]}<\/script>\n<!-- \/ Yoast SEO plugin. -->","yoast_head_json":{"title":"Eligibility - SkyPoint Federal Credit Union","robots":{"index":"noindex","follow":"follow","max-snippet":"max-snippet:-1","max-image-preview":"max-image-preview:large","max-video-preview":"max-video-preview:-1"},"og_locale":"en_US","og_type":"article","og_title":"Eligibility - SkyPoint Federal Credit Union","og_url":"https:\/\/www.skypointfcu.com\/wph\/workarea\/es\/eligibility\/","og_site_name":"SkyPoint Federal Credit Union","article_modified_time":"2024-10-17T18:34:14+00:00","twitter_card":"summary_large_image","twitter_misc":{"Est. reading time":"1 minute"},"schema":{"@context":"https:\/\/schema.org","@graph":[{"@type":"WebPage","@id":"https:\/\/www.skypointfcu.com\/wph\/workarea\/es\/eligibility\/","url":"https:\/\/www.skypointfcu.com\/wph\/workarea\/es\/eligibility\/","name":"Eligibility - SkyPoint Federal Credit Union","isPartOf":{"@id":"https:\/\/www.skypointfcu.com\/wph\/workarea\/#website"},"datePublished":"2024-09-20T19:13:41+00:00","dateModified":"2024-10-17T18:34:14+00:00","breadcrumb":{"@id":"https:\/\/www.skypointfcu.com\/wph\/workarea\/es\/eligibility\/#breadcrumb"},"inLanguage":"en-US","potentialAction":[{"@type":"ReadAction","target":["https:\/\/www.skypointfcu.com\/wph\/workarea\/es\/eligibility\/"]}]},{"@type":"BreadcrumbList","@id":"https:\/\/www.skypointfcu.com\/wph\/workarea\/es\/eligibility\/#breadcrumb","itemListElement":[{"@type":"ListItem","position":1,"name":"Home","item":"https:\/\/www.skypointfcu.com\/wph\/workarea\/"},{"@type":"ListItem","position":2,"name":"SkyPoint En Espa\u00f1ol","item":"https:\/\/www.skypointfcu.com\/wph\/workarea\/es\/"},{"@type":"ListItem","position":3,"name":"Eligibility"}]},{"@type":"WebSite","@id":"https:\/\/www.skypointfcu.com\/wph\/workarea\/#website","url":"https:\/\/www.skypointfcu.com\/wph\/workarea\/","name":"SkyPoint Federal Credit Union","description":"Just another WordPress site","potentialAction":[{"@type":"SearchAction","target":{"@type":"EntryPoint","urlTemplate":"https:\/\/www.skypointfcu.com\/wph\/workarea\/?s={search_term_string}"},"query-input":{"@type":"PropertyValueSpecification","valueRequired":true,"valueName":"search_term_string"}}],"inLanguage":"en-US"}]}},"_links":{"self":[{"href":"https:\/\/www.skypointfcu.com\/wph\/workarea\/wp-json\/wp\/v2\/pages\/4165","targetHints":{"allow":["GET"]}}],"collection":[{"href":"https:\/\/www.skypointfcu.com\/wph\/workarea\/wp-json\/wp\/v2\/pages"}],"about":[{"href":"https:\/\/www.skypointfcu.com\/wph\/workarea\/wp-json\/wp\/v2\/types\/page"}],"author":[{"embeddable":true,"href":"https:\/\/www.skypointfcu.com\/wph\/workarea\/wp-json\/wp\/v2\/users\/7"}],"replies":[{"embeddable":true,"href":"https:\/\/www.skypointfcu.com\/wph\/workarea\/wp-json\/wp\/v2\/comments?post=4165"}],"version-history":[{"count":7,"href":"https:\/\/www.skypointfcu.com\/wph\/workarea\/wp-json\/wp\/v2\/pages\/4165\/revisions"}],"predecessor-version":[{"id":4345,"href":"https:\/\/www.skypointfcu.com\/wph\/workarea\/wp-json\/wp\/v2\/pages\/4165\/revisions\/4345"}],"up":[{"embeddable":true,"href":"https:\/\/www.skypointfcu.com\/wph\/workarea\/wp-json\/wp\/v2\/pages\/4153"}],"wp:attachment":[{"href":"https:\/\/www.skypointfcu.com\/wph\/workarea\/wp-json\/wp\/v2\/media?parent=4165"}],"curies":[{"name":"wp","href":"https:\/\/api.w.org\/{rel}","templated":true}]}}