{"id":4161,"date":"2024-09-20T15:14:11","date_gmt":"2024-09-20T19:14:11","guid":{"rendered":"https:\/\/www.skypointfcu.com\/wph\/workarea\/?page_id=4161"},"modified":"2024-10-17T14:10:33","modified_gmt":"2024-10-17T18:10:33","slug":"business","status":"publish","type":"page","link":"https:\/\/www.skypointfcu.com\/wph\/workarea\/es\/business\/","title":{"rendered":"Business"},"content":{"rendered":"<div class=\"band content-hero-v003 content-fullwidth\"><div class=\"zone\"><div class=\"feature-wrap\"><div class=\"feature-wrap-title\"><h1>Cuentas de Empresa<\/h1><h4> Empiece su jornada empresarial con SkyPoint.<\/h4><\/div><div class=\"feature-wrap-image\"><figure class=\"feature-wrap-image-inner cover-image\"><img decoding=\"async\" src=\"https:\/\/www.skypointfcu.com\/wph\/workarea\/wp-content\/uploads\/2024\/09\/SKY-2024-SpanishBizAcct-1600x640px.jpg\" alt=\"man holding a plant\"><\/figure><\/div><\/div><\/div><\/div>\n\n<div class=\"band content-fullwidth\"><div class=\"zone\"><div class=\"feature-wrap feature-wrap-promos-2\">\n<div class=\"feature\"><div class=\"feature-padding\"><div class=\"feature-image\"><figure class=\"feature-image-inner cover-image\"><img decoding=\"async\" src=\"https:\/\/www.skypointfcu.com\/wph\/workarea\/wp-content\/uploads\/2024\/09\/webyoungmanwithphone.jpg\" alt=\"young man with phone\"><\/figure><\/div><!--feature-image--><div class=\"feature-content\"><div class=\"feature-content-text\"><h2>Cuentas de Dep\u00f3sito para Empresas<\/h2><h3>Simplificamos la banca para peque\u00f1as empresas.<\/h3>\n\n<p>SkyPoint ayuda a los peque\u00f1as negocios a prosperar con nuestro conjunto de cuentas empresariales.<\/p>\n<ul>\n<li>Cuenta de Ahorro para Empresas &#8211; Comienza tu relaci\u00f3n comercial con una cuenta de ahorro para negocios.<\/li>\n<li>Cuenta Corriente Comercial &#8211; Administra tu empresa con facilidad con una cuenta corriente comercial.<\/li>\n<\/ul>\n\n<\/div><\/div><!--feature-content--><\/div><!--feature-padding--><\/div><!--feature-->\n\n<div class=\"feature\"><div class=\"feature-padding\"><div class=\"feature-image\"><figure class=\"feature-image-inner cover-image\"><img decoding=\"async\" src=\"https:\/\/www.skypointfcu.com\/wph\/workarea\/wp-content\/uploads\/2024\/09\/webyoungwoman.jpg\" alt=\"\"><\/figure><\/div><!--feature-image--><div class=\"feature-content\"><div class=\"feature-content-text\"><h2>Pr\u00e9stamos de Empresa*<\/h2><h3>Pr\u00e9stamos sencillos para peque\u00f1as empresas.<\/h3>\n\n<p>Mant\u00e9n\u00a0 flujo de caja adecuado con las cuentas de pr\u00e9stamos empresariales de SkyPoint.<\/p>\n<ul>\n<li>Pr\u00e9stamo Empresarial a Plazos &#8211; Realiza compras de capital mientras disfrutas de tasa y pagos fijos.<\/li>\n<li>L\u00ednea de Cr\u00e9dito Empresarial &#8211; Alivia la carga de los flujos de caja con una l\u00ednea de cr\u00e9dito. Accede a tu l\u00ednea de cr\u00e9dito cuando necesites fondos.<\/li>\n<li>Tarjeta de Cr\u00e9dito Rewards \u2013 Simplifica las compras de tu empresa. Adem\u00e1s, gana reembolsos de dinero con cada transacci\u00f3n.<\/li>\n<li>Pr\u00e9stamo para Veh\u00edculos Empresariales &#8211; Lleva tu negocio a donde quieras con un Pr\u00e9stamo para Veh\u00edculos Empresariales.<\/li>\n<\/ul>\n\n<\/div><\/div><!--feature-content--><\/div><!--feature-padding--><\/div><!--feature-->\n<\/div><!--feature-wrap--><\/div><\/div>\n\n\n<p>* Terms and conditions apply. Loan approval may be subject to credit and income review. See a SkyPoint representative for complete details.<\/p>\n","protected":false},"excerpt":{"rendered":"* Terms and conditions apply. Loan approval may be subject to credit and income review. See a SkyPoint representative for complete details.","protected":false},"author":7,"featured_media":0,"parent":4153,"menu_order":1,"comment_status":"closed","ping_status":"closed","template":"","meta":{"_lmt_disableupdate":"","_lmt_disable":"","attr_excerpt":[],"footnotes":""},"class_list":["post-4161","page","type-page","status-publish","hentry"],"yoast_head":"<!-- This site is optimized with the Yoast SEO plugin v24.9 - https:\/\/yoast.com\/wordpress\/plugins\/seo\/ -->\n<title>Business - SkyPoint Federal Credit Union<\/title>\n<meta name=\"robots\" content=\"noindex, follow, max-snippet:-1, max-image-preview:large, max-video-preview:-1\" \/>\n<meta property=\"og:locale\" content=\"en_US\" \/>\n<meta property=\"og:type\" content=\"article\" \/>\n<meta property=\"og:title\" content=\"Business - SkyPoint Federal Credit Union\" \/>\n<meta property=\"og:description\" content=\"* Terms and conditions apply. Loan approval may be subject to credit and income review. See a SkyPoint representative for complete details.\" \/>\n<meta property=\"og:url\" content=\"https:\/\/www.skypointfcu.com\/wph\/workarea\/es\/business\/\" \/>\n<meta property=\"og:site_name\" content=\"SkyPoint Federal Credit Union\" \/>\n<meta property=\"article:modified_time\" content=\"2024-10-17T18:10:33+00:00\" \/>\n<meta name=\"twitter:card\" content=\"summary_large_image\" \/>\n<meta name=\"twitter:label1\" content=\"Est. reading time\" \/>\n\t<meta name=\"twitter:data1\" content=\"1 minute\" \/>\n<script type=\"application\/ld+json\" class=\"yoast-schema-graph\">{\"@context\":\"https:\/\/schema.org\",\"@graph\":[{\"@type\":\"WebPage\",\"@id\":\"https:\/\/www.skypointfcu.com\/wph\/workarea\/es\/business\/\",\"url\":\"https:\/\/www.skypointfcu.com\/wph\/workarea\/es\/business\/\",\"name\":\"Business - SkyPoint Federal Credit Union\",\"isPartOf\":{\"@id\":\"https:\/\/www.skypointfcu.com\/wph\/workarea\/#website\"},\"datePublished\":\"2024-09-20T19:14:11+00:00\",\"dateModified\":\"2024-10-17T18:10:33+00:00\",\"breadcrumb\":{\"@id\":\"https:\/\/www.skypointfcu.com\/wph\/workarea\/es\/business\/#breadcrumb\"},\"inLanguage\":\"en-US\",\"potentialAction\":[{\"@type\":\"ReadAction\",\"target\":[\"https:\/\/www.skypointfcu.com\/wph\/workarea\/es\/business\/\"]}]},{\"@type\":\"BreadcrumbList\",\"@id\":\"https:\/\/www.skypointfcu.com\/wph\/workarea\/es\/business\/#breadcrumb\",\"itemListElement\":[{\"@type\":\"ListItem\",\"position\":1,\"name\":\"Home\",\"item\":\"https:\/\/www.skypointfcu.com\/wph\/workarea\/\"},{\"@type\":\"ListItem\",\"position\":2,\"name\":\"SkyPoint En Espa\u00f1ol\",\"item\":\"https:\/\/www.skypointfcu.com\/wph\/workarea\/es\/\"},{\"@type\":\"ListItem\",\"position\":3,\"name\":\"Business\"}]},{\"@type\":\"WebSite\",\"@id\":\"https:\/\/www.skypointfcu.com\/wph\/workarea\/#website\",\"url\":\"https:\/\/www.skypointfcu.com\/wph\/workarea\/\",\"name\":\"SkyPoint Federal Credit Union\",\"description\":\"Just another WordPress site\",\"potentialAction\":[{\"@type\":\"SearchAction\",\"target\":{\"@type\":\"EntryPoint\",\"urlTemplate\":\"https:\/\/www.skypointfcu.com\/wph\/workarea\/?s={search_term_string}\"},\"query-input\":{\"@type\":\"PropertyValueSpecification\",\"valueRequired\":true,\"valueName\":\"search_term_string\"}}],\"inLanguage\":\"en-US\"}]}<\/script>\n<!-- \/ Yoast SEO plugin. -->","yoast_head_json":{"title":"Business - SkyPoint Federal Credit Union","robots":{"index":"noindex","follow":"follow","max-snippet":"max-snippet:-1","max-image-preview":"max-image-preview:large","max-video-preview":"max-video-preview:-1"},"og_locale":"en_US","og_type":"article","og_title":"Business - SkyPoint Federal Credit Union","og_description":"* Terms and conditions apply. Loan approval may be subject to credit and income review. See a SkyPoint representative for complete details.","og_url":"https:\/\/www.skypointfcu.com\/wph\/workarea\/es\/business\/","og_site_name":"SkyPoint Federal Credit Union","article_modified_time":"2024-10-17T18:10:33+00:00","twitter_card":"summary_large_image","twitter_misc":{"Est. reading time":"1 minute"},"schema":{"@context":"https:\/\/schema.org","@graph":[{"@type":"WebPage","@id":"https:\/\/www.skypointfcu.com\/wph\/workarea\/es\/business\/","url":"https:\/\/www.skypointfcu.com\/wph\/workarea\/es\/business\/","name":"Business - SkyPoint Federal Credit Union","isPartOf":{"@id":"https:\/\/www.skypointfcu.com\/wph\/workarea\/#website"},"datePublished":"2024-09-20T19:14:11+00:00","dateModified":"2024-10-17T18:10:33+00:00","breadcrumb":{"@id":"https:\/\/www.skypointfcu.com\/wph\/workarea\/es\/business\/#breadcrumb"},"inLanguage":"en-US","potentialAction":[{"@type":"ReadAction","target":["https:\/\/www.skypointfcu.com\/wph\/workarea\/es\/business\/"]}]},{"@type":"BreadcrumbList","@id":"https:\/\/www.skypointfcu.com\/wph\/workarea\/es\/business\/#breadcrumb","itemListElement":[{"@type":"ListItem","position":1,"name":"Home","item":"https:\/\/www.skypointfcu.com\/wph\/workarea\/"},{"@type":"ListItem","position":2,"name":"SkyPoint En Espa\u00f1ol","item":"https:\/\/www.skypointfcu.com\/wph\/workarea\/es\/"},{"@type":"ListItem","position":3,"name":"Business"}]},{"@type":"WebSite","@id":"https:\/\/www.skypointfcu.com\/wph\/workarea\/#website","url":"https:\/\/www.skypointfcu.com\/wph\/workarea\/","name":"SkyPoint Federal Credit Union","description":"Just another WordPress site","potentialAction":[{"@type":"SearchAction","target":{"@type":"EntryPoint","urlTemplate":"https:\/\/www.skypointfcu.com\/wph\/workarea\/?s={search_term_string}"},"query-input":{"@type":"PropertyValueSpecification","valueRequired":true,"valueName":"search_term_string"}}],"inLanguage":"en-US"}]}},"_links":{"self":[{"href":"https:\/\/www.skypointfcu.com\/wph\/workarea\/wp-json\/wp\/v2\/pages\/4161","targetHints":{"allow":["GET"]}}],"collection":[{"href":"https:\/\/www.skypointfcu.com\/wph\/workarea\/wp-json\/wp\/v2\/pages"}],"about":[{"href":"https:\/\/www.skypointfcu.com\/wph\/workarea\/wp-json\/wp\/v2\/types\/page"}],"author":[{"embeddable":true,"href":"https:\/\/www.skypointfcu.com\/wph\/workarea\/wp-json\/wp\/v2\/users\/7"}],"replies":[{"embeddable":true,"href":"https:\/\/www.skypointfcu.com\/wph\/workarea\/wp-json\/wp\/v2\/comments?post=4161"}],"version-history":[{"count":15,"href":"https:\/\/www.skypointfcu.com\/wph\/workarea\/wp-json\/wp\/v2\/pages\/4161\/revisions"}],"predecessor-version":[{"id":4346,"href":"https:\/\/www.skypointfcu.com\/wph\/workarea\/wp-json\/wp\/v2\/pages\/4161\/revisions\/4346"}],"up":[{"embeddable":true,"href":"https:\/\/www.skypointfcu.com\/wph\/workarea\/wp-json\/wp\/v2\/pages\/4153"}],"wp:attachment":[{"href":"https:\/\/www.skypointfcu.com\/wph\/workarea\/wp-json\/wp\/v2\/media?parent=4161"}],"curies":[{"name":"wp","href":"https:\/\/api.w.org\/{rel}","templated":true}]}}